4 - 7*b**3/6 + 3*b**2. What are the prime factors of o(-5)?
73
Let f(l) = l**3 + 3*l**2 - 4*l - 8. Let v be f(4). Let y = -23 + v. Suppose 0 = -6*t + y + 163. List the prime factors of t.
2, 19
Let k(m) = m**2 - 4*m - 6. Let d be k(5). Let i(h) be the second derivative of 19*h**4/6 - h**2/2 - h + 11. What are the prime factors of i(d)?
37
Suppose k = 0, -4*k = -j + 337 - 103. Suppose -4*x - 38 = -j. List the prime factors of x.
7
Suppose -4*b - 2341 = -3*r, -5*b = 3*r + 1375 - 3761. What are the prime factors of r?
787
Let v(j) = 85*j - 30. List the prime factors of v(6).
2, 3, 5
Let c = 35 + -28. Suppose -c*f + f = -768. List the prime factors of f.
2
Let w(g) be the second derivative of 0 + 2/3*g**4 - 1/20*g**5 - 3/2*g**3 - 4*g + 4*g**2. What are the prime factors of w(6)?
2, 13
Suppose -18*y + 3 = -17*y. Suppose 0 = -y*u - h + 185, -u - h + 74 = 9. What are the prime factors of u?
2, 3, 5
Suppose 0 = -3*c - 3*n + 8367, -4*n = -c + 3897 - 1123. List the prime factors of c.
2, 7, 199
Suppose -3*t = 5*o - 1706, -10*t - 4*o + 2865 = -5*t. List the prime factors of t.
577
Let s = 2612 + -1472. List the prime factors of s.
2, 3, 5, 19
Let g(o) = 2*o**2 + 6*o + 2. Let m be ((-2)/(-4))/(2/(-16)). Let u be g(m). Let j = -8 + u. List the prime factors of j.
2
Let o(a) = -a**3 - 41*a**2 + 23*a + 178. List the prime factors of o(-42).
2, 61
Let w(s) = -3*s + 8. Let a be w(5). Let x be 1526/(-63) - 2/(-9). Let i = a - x. What are the prime factors of i?
17
Suppose 0 = -4*l + 4*r + 764, 3*l - 4*r = 6*l - 580. List the prime factors of l.
2, 3
Let a(k) = k**3 - 42*k**2 + 57*k + 98. What are the prime factors of a(43)?
2, 3, 733
Suppose 9*o - 2899 = -3*g + 5*o, -4*g + 2*o = -3902. What are the prime factors of g?
7, 139
Suppose -t + 0 + 3 = 0. Suppose -8*o + 55 = -1905. Suppose t*s = 0, -s + o = 5*m + 4*s. What are the prime factors of m?
7
Let j(f) = 5*f**3 - 5*f**2 - 2*f - 19. What are the prime factors of j(4)?
3, 71
Let i(k) = -7461*k**3 + 2*k**2 + 2*k + 1. Let b be i(-1). What are the prime factors of 4/(-18) + b/126?
59
Let n = -4 - -13. Let u = n + -10. What are the prime factors of u/(-3) - (-51)/9?
2, 3
Suppose -6*t = -4*t - 158. Suppose -2*p + c + 169 = 0, 4*c = -p - c + t. What are the prime factors of p?
2, 3, 7
Let c(i) = -i**3 - 4*i**2 + 8*i + 8. Let k be c(-6). Suppose 0 = 4*u - 8, k = -3*v - 2*u + 387. What are the prime factors of v?
3, 13
List the prime factors of (1 - 7)*126*(-1 + 0).
2, 3, 7
Suppose -2*r - 638 = -d + 944, -r + 6364 = 4*d. List the prime factors of d.
2, 3, 5, 53
Let o(h) = -260*h. Let y be o(-4). Suppose -4*n - 2*b + y = 324, 0 = 2*n - 4*b - 358. What are the prime factors of n?
179
Let m be -4*-3*5/(-3) - -2. Let f = 29 + m. List the prime factors of f.
11
Suppose -4*o - 551 = -t, t = 6*t - 2*o - 2665. What are the prime factors of t?
3, 59
Suppose 5*o + h = 4579, 2*h + 0*h + 2750 = 3*o. What are the prime factors of o?
2, 229
Let u(x) = -x**3 + 5*x**2 + 4*x + 2. Let t be u(6). Let k = -106 - t. What are the prime factors of k/(-18)*(-9)/(-4)?
2, 3
Let r = 8 + 12. Suppose r = 7*q - 3*q. Let f = 7 + q. What are the prime factors of f?
2, 3
Let b(k) = 2*k**3 + 3*k**2 + 5*k. Let u(p) = p**3 + p**2 + 2*p. Let w(f) = -4*b(f) + 9*u(f). Let o be w(3). What are the prime factors of (-2 + 63/o)*-2?
5
Suppose -5*f - a + 6 = -5*a, 0 = 2*f + 5*a - 9. Suppose 7*x + 4*v - 108 = 3*x, 0 = -4*x + f*v + 90. List the prime factors of x.
2, 3
Let t(q) = q**3 + 3*q**2 - q + 5. Let j be t(-4). Let n = 27 + j. What are the prime factors of n?
2, 5
Let z(l) = 28*l + 31. Let g be z(5). Let t = 86 + g. What are the prime factors of t?
257
Suppose -3*b - 5*g + 0 + 1 = 0, -3 = 3*g. Let z(t) = 7*t - 2. What are the prime factors of z(b)?
2, 3
Let w(o) = -163*o + 82. What are the prime factors of w(-3)?
571
Suppose 16 = 5*j + 1. Suppose -5*s = -j*s - 8. Suppose -136 = s*i - 8*i. List the prime factors of i.
2, 17
Suppose -5*m + 10 = 0, -2*c + 5*m - 7 = -29. Let g = 23 - c. Suppose 5*o - 79 = 4*s, -3*o - 3*s = -g*s - 49. What are the prime factors of o?
3, 5
Let c be 3/(-12) - (-2)/8. Let i be (-56)/(-26) - -2 - (-20)/(-130). Suppose i*m - 2*m - 16 = c. List the prime factors of m.
2
Suppose 4*b - 20 = -4*q + 5*b, 15 = 3*q + b. Suppose -3*p = -19 - q. What are the prime factors of p?
2
Suppose -4*c - 143 = 281. Let u = -9 - c. What are the prime factors of u?
97
Suppose 0*c - 4*w + 248 = 2*c, 0 = 4*c - 5*w - 444. Let d = c - -28. List the prime factors of d.
2, 3
Suppose -4*g + 2 = -10, -m = -2*g + 8. Let b be (m + 1 + -1)/(-1). Suppose b*s + 4*c = 26, 3*s - 4*c = -3*c + 67. What are the prime factors of s?
3, 7
Let c be 5/20*4 - 3. What are the prime factors of -1 + 4 - (114/c + -3)?
3, 7
Let i be -3*(-7)/14 - (-383)/2. Suppose -i = -7*m + 598. List the prime factors of m.
113
Let s = 454 - -1422. What are the prime factors of s?
2, 7, 67
Suppose -41 = -d + 25. Suppose 6*v = 3*v + d. List the prime factors of v.
2, 11
Let q be 32 - -1 - (12 - 8). Suppose -4*n + q = -91. Let k = n + -20. What are the prime factors of k?
2, 5
List the prime factors of 2883 - (-45)/(-9)*-2.
11, 263
Let t = -37 - -68. Let w = t + 13. What are the prime factors of w?
2, 11
Suppose -5*m + 18 = -4*y - 2, 3*y = -3*m - 15. Let x(k) = k**2 + 8*k + 5. Let z be x(y). What are the prime factors of (1 - z)*(2 + 1)?
3, 11
Let v(f) = 2*f**2 - 36*f + 39. What are the prime factors of v(17)?
5
Let c(l) = 4*l**2 - l. Suppose 3*z = -0*z + 9. What are the prime factors of c(z)?
3, 11
Let v(s) = s**2 + s - 7. Suppose 0 = -4*x + 2*x - 34. Let r = 20 + x. What are the prime factors of v(r)?
5
Let y = -19 - -19. Suppose y = -5*x + 25 + 75. Suppose -u - w + x = 0, 5*u - 63 - 25 = w. List the prime factors of u.
2, 3
List the prime factors of -4*45205/(-120) + 1/6.
11, 137
Let i(h) = 1212*h - 21. What are the prime factors of i(1)?
3, 397
Let c = 31 - -211. What are the prime factors of c?
2, 11
Suppose g + 48 - 8 = 0. Let y be 4/6 - g/12. Suppose 0 = -2*n - 4*r + 16, -4*r = y*n - 9*r - 32. List the prime factors of n.
2
Let o = 1827 + 159. List the prime factors of o.
2, 3, 331
Suppose -5*n - o - 3*o = -3206, -1902 = -3*n + 3*o. What are the prime factors of n?
2, 11, 29
Let i be (-13)/(-1) - (-4)/(-4). Let o(l) = l**2 - 12*l + 2. Let v be o(i). Suppose -3*d = v*c + 3*c - 64, 4*d - 27 = 5*c. What are the prime factors of d?
13
Let v(r) = -r - 10. Let x be v(-11). Let i = 20 - 17. What are the prime factors of (2/i)/(x/3)?
2
Let j be 21/(-5) - 4/(-20). Let i be (-2710)/(-45) - j/(-18). Suppose -4*s + 16 = -i. What are the prime factors of s?
19
Let z = 2 + 2. Let a(l) = -z*l**2 - 2 + 3*l**2 - l**2 - l**3. List the prime factors of a(-3).
7
Suppose 5*m + 405 = -3*t - 61, -4*t + 202 = -2*m. Let h = -33 - m. What are the prime factors of h?
2, 31
Let a = -126 + 183. Let m = 73 - a. List the prime factors of m.
2
Suppose -2*h = -3*p - 460 - 480, -3*p + 1844 = 4*h. List the prime factors of h.
2, 29
What are the prime factors of (22 - 28)/((-3)/496)?
2, 31
Suppose 23 - 17 = w. Suppose s - w = 23. Let t = s + -11. List the prime factors of t.
2, 3
Let a(c) = c + 252. List the prime factors of a(-40).
2, 53
What are the prime factors of ((-9)/6)/(3/(-42))?
3, 7
Let c(s) be the second derivative of 149*s**3/6 - 5*s**2/2 - 8*s - 1. What are the prime factors of c(2)?
293
Suppose 0 = -5*p - n + 19810, -38*p + 37*p + 4*n + 3962 = 0. What are the prime factors of p?
2, 7, 283
Let x(a) = -3*a - 12. Suppose 24 + 11 = 5*u. Let t(l) = l**3 - 7*l**2 - 8. Let b be t(u). List the prime factors of x(b).
2, 3
Suppose 34*l + 336 = 38*l. Let m = 118 + l. List the prime factors of m.
2, 101
Let m = -132 + 331. Suppose -5*p + 281 = -m. What are the prime factors of p?
2, 3
Let q = -28 - -30. Let u = 14 + -5. Suppose 0 = -q*i + f + 4*f + u, -3*f = -5*i + 70. List the prime factors of i.
17
Let l(j) = -12 - 1 - 17*j + 28*j + 27*j. What are the prime factors of l(6)?
5, 43
Let o(v) be the second derivative of 2*v**4 - v**3/6 + v**2/2 + 2*v. Let a be o(1). Suppose -4*c + 128 = -a. List the prime factors of c.
2, 19
Let y be (9/(-4))/(12/128). Let s be 8/3 - (-16)/y. Suppose -4*o = 4*h - 128, 3 + 63 = s*o + 3*h. What are the prime factors of o?
2, 3, 5
Let y(t) = 251*t**3 + t - 1. Let p be y(1). Suppose 31 = -4*q + 